 = -21. Is v a prime number?
False
Suppose -3*x - 4*v + 163609 = 0, 546*x - 218158 = 542*x + v. Is x composite?
False
Let k = 1134631 - 154068. Is k a composite number?
True
Suppose -71*z + 67*z + 52041 = -103243. Is z a composite number?
False
Let g be 6 + -1 + (4 - 2). Suppose -g*b + 1002 = 29. Is b composite?
False
Suppose -5*n + 6 = 2*p, 0 = 2*n + 3*p + 60 - 69. Suppose -4*y - 24402 + 91886 = n. Is y a prime number?
True
Let n = -2 - 407. Let g(d) = -9*d**2 - 4*d + 30. Let j be g(5). Let l = j - n. Is l a prime number?
False
Let y(b) = 6354*b - 2977. Is y(6) a composite number?
True
Let j = 928 - 138. Suppose -13*t = -j - 705. Is t prime?
False
Let g(d) = -6328*d + 493. Is g(-7) prime?
True
Suppose -19*n - 5*i = -22*n + 580600, -3*i - 967672 = -5*n. Is n a composite number?
True
Suppose -9*h + 5*h + 28 = 0. Suppose -5*s = -h*s - 10. Is 4 + (1327 - (s - -3)) a prime number?
False
Let l(n) = -2305*n**3 - 2*n**2 - 8*n - 32. Is l(-3) a composite number?
True
Let p be -2 - 1*-5 - (96 + -10341). Suppose 2*h + 4*r - p - 16890 = 0, -h + 13565 = 3*r. Is h a prime number?
True
Suppose -7*v = 2 - 2. Suppose -3*b - o + 4 = 0, -b - 4 = 4*o + 2. Suppose 2*h + b*h - 532 = v. Is h a prime number?
False
Let w(c) = -40*c + 10. Let s(d) = -7*d**3 + d**2 - 2*d - 3. Let a be s(-1). Let p be w(a). Let g = p - -1313. Is g prime?
False
Suppose -2181 = -a + 974. Let k = a - 4565. Let w = 329 - k. Is w composite?
True
Let l be -1 + (-7)/(-6) + (-276)/(-72). Let p(w) = 68*w**2 + 10*w - 17. Is p(l) composite?
True
Suppose -3*d + 4 + 5 = 0, d + 81 = 3*r. Suppose -10*n = 4*n - r. Suppose -4*z + n*z = -2690. Is z a prime number?
False
Suppose 3*y + 2*n - 132038 = 121285, 2*y - 168901 = 5*n. Is y composite?
False
Suppose 0 = 37*u - 38*u + 4. Suppose 3*d + 250 = g, -d + 15 = u*d. Suppose 0*o - g = -o - 2*x, -4*x = -16. Is o a prime number?
True
Let j(w) = 108*w**3 - 52*w**2 + 30*w - 613. Is j(21) composite?
True
Let o = 6 - 1. Let g(y) = 12 + 25 + 275*y - 34 + 3. Is g(o) a composite number?
False
Suppose 1662734 = -51*g + 7848881. Is g composite?
True
Let i(y) = 701*y**3 + 2*y**2 + 33*y - 129. Is i(4) a prime number?
False
Let p = 303595 + -76104. Is p composite?
True
Let z = -123 - -148. Suppose z = u - 1. Is (-13)/u - (-37)/(-4)*-6 a prime number?
False
Let x(u) = -839*u**2 + 7*u + 12. Let g(a) = 839*a**2 - 8*a - 12. Let y(w) = 5*g(w) + 4*x(w). Is y(-1) prime?
True
Let c be (2 + 57/(-9))/(29/174). Is 4/c + (-70911)/39*-5 a prime number?
True
Is 4/18 + 37082240/288 + 0 + 11 a prime number?
False
Is 11383293/55 + (-390)/(-10725) composite?
True
Let r(a) = 83011*a**2 + 109*a + 689. Is r(-7) composite?
True
Suppose -4*f + 3*g + 135435 = 24887, -f - 5*g + 27637 = 0. Is f a prime number?
False
Let a(h) = 2*h**3 - 41*h**2 + 39*h - 26. Is a(33) a prime number?
False
Suppose 20407878 = 9479*m - 9461*m. Is m prime?
False
Suppose 25*t = -62*t + 11*t + 33972. Is t prime?
False
Let a = 3 + -1. Suppose 3*o - a*y = y + 13149, 0 = -5*o + 4*y + 21920. Suppose 4*c - 5*v - o = 0, 6*c - 3*c + 2*v - 3291 = 0. Is c a composite number?
False
Let l = 9181 - 1542. Is l a prime number?
True
Let t = 4034 - 1878. Suppose w + 3*h - 2*h = t, 0 = -3*h + 9. Is w composite?
False
Let y(p) = -23*p**3 - 2*p**2 + p - 13. Let v(x) = x**3 + x**2 + 2. Let w(s) = 6*v(s) + y(s). Is w(-2) composite?
False
Let r(d) be the second derivative of 43*d**5/20 + 3*d**4/4 + 25*d**3/6 - 53*d**2 - 186*d. Is r(7) prime?
True
Is (325/(-78))/(-5) - 2286543/(-18) a prime number?
True
Suppose 19*p - 30*p = -11539. Is p a prime number?
True
Suppose -196865 = -5*o - 5*w, -21*o + 4*w - 196863 = -26*o. Is o a composite number?
False
Suppose 37375*b = 37374*b + 122069. Is b prime?
True
Suppose 3 = c - m + 7, 11 = -4*c + 3*m. Let n(s) = 1866*s + 27. Is n(c) prime?
False
Suppose -1522548 = -17*s - 113027. Is s composite?
False
Let c = -379 - -384. Suppose 11 + 1 = 3*g. Suppose -t + 403 = g*u, 2*u = c*t - u - 1969. Is t a prime number?
False
Is (3 - 1)/(48/39259464) prime?
True
Let u(r) = -2*r**2 + 2*r + 5. Let t be u(0). Suppose 6 = 2*i - t*z + z, -5*i + 30 = 5*z. Suppose -i*p = -1355 - 1140. Is p prime?
True
Let i(n) = 287*n + 1425. Let q be i(-9). Suppose 0 = -2*f + 6*f - d - 11928, -2*d - 8 = 0. Let w = q + f. Is w prime?
True
Let x be 1141/(-21)*(-42)/4*2. Let n = -696 + x. Is n a composite number?
True
Let g = -99 + 105. Suppose 2*o - 5*o = -372. Is o/(-93) + 1802/g composite?
True
Let h be (8*5/(-60))/(1/(-63)). Let u = h - -16. Is u composite?
True
Suppose -13*o + 5616192 = 51*o. Is o composite?
True
Let m = 105 - 101. Suppose -m*c - n + 6242 = 0, 7*c - 5*n = 2*c + 7815. Is c a composite number?
True
Let b be 2226/(-9)*12/(-14). Suppose 3*l - 2215 = b. Is l prime?
True
Is -1 - (1 - (-29580552)/(-132)) - 2/22 a composite number?
True
Let k be (-2)/(-4) - 7/2. Let p be 2 + k + (2 - -451). Suppose 0 = 3*v - 4*j + j - 678, j = 2*v - p. Is v prime?
False
Suppose -6 = -3*a + 9. Suppose 3*n - 33403 = -4*c - 0*n, -a*c = -3*n - 41774. Is c a prime number?
True
Let o = -39014 - -445387. Is o composite?
True
Suppose p = -1 + 5. Let b = 20529 - 20533. Is (-2802)/p*b/3 prime?
False
Suppose -4*q - 55 = -w, -2*q - 35 = 2*w - w. Let b be 3/q + 42/10. Suppose 0 = b*x - 9*x - 4*m + 445, 0 = -x + 4*m + 113. Is x a composite number?
True
Let n be (-657)/(1 + 1/2) - -3. Is 110/(-50)*n/3 prime?
False
Let z(v) = -26*v + 2. Let m be z(2). Is (m/55)/5 - (-61899)/11 composite?
True
Suppose 17*d - 2683144 = -6*d + 1727221. Is d a composite number?
True
Let b = 85746 + -59879. Is b prime?
True
Let v(s) = 4085*s - 87. Let t be v(4). Is -2*5/(20/t)*-2 composite?
False
Suppose 0 = -4*p - 0*p + 32848. Let b be p/(3/6*4). Suppose -5*i = -g + 2053, 2*g - 6*i - b = -i. Is g a composite number?
False
Suppose -5*m + w + 235 = 0, -7*w = -9*w + 10. Suppose -51*j = -m*j + 5*f - 28178, -37565 = -4*j - f. Is j a prime number?
True
Let q = 62741 - 44472. Is q a composite number?
False
Suppose 0 = -5*i - 4*g + 4108, 0 = -2*i + 622*g - 626*g + 1648. Suppose -n = 2*w - 754, 5*w - 4*n - 1885 = -7*n. Let b = i - w. Is b prime?
True
Suppose -3*y + 1103272 = -y + 6*y. Is y a composite number?
False
Let k be (-2)/(-4) + 5035/38. Is -2*(-1)/14 + 29640/k a prime number?
True
Let b = 48 - 35. Suppose 102 = d + b. Is d a composite number?
False
Let c = 45 - 72. Let a be 62/(9/(c/6)). Let o = a + 44. Is o composite?
False
Let g = 50 - 52. Let d(w) = 54*w + 1. Let z(a) = 55*a + 1. Let m(q) = -7*d(q) + 6*z(q). Is m(g) a prime number?
False
Let m(l) = 2*l - 2. Let s be m(2). Let a(n) = -10*n + n**s - 6 + 0 + 0. Is a(23) composite?
False
Let x(k) = 2*k**2 + 3*k + 2. Let a be -6 + 4 + 5*3. Suppose 3*c + 8 + a = 0. Is x(c) composite?
False
Let n(v) be the second derivative of -233*v**5/20 - v**4/12 + v**2/2 - v + 81. Let l(k) = k**2 - 3*k - 5. Let x be l(4). Is n(x) a prime number?
True
Let r = 147894 + -60971. Is r a composite number?
False
Suppose -2*g - 23193 = f + 32797, 2*g + 5*f + 55982 = 0. Is 2/((-3)/g*8) a prime number?
True
Let g = -202 - -205. Suppose 5*a - 9*k - 785 = -10*k, 0 = g*a - 2*k - 484. Is a composite?
True
Suppose -3*l + 2*j = -0*j - 730869, -4*j + j = 0. Is l prime?
True
Let r be ((-9)/(-2))/3*30. Suppose v - 49 = -r. Suppose -112 = -4*q - v*f, -q + 8 = 5*f - 0. Is q a composite number?
True
Let t(k) = -3*k**3 - 10*k**2 - 5*k - 11. Let w(r) = -r**3 - r**2 - r + 1. Let d(a) = -t(a) + 4*w(a). Let u be d(13). Let y = -762 - u. Is y composite?
True
Suppose -6*q = -10*q + 44. Let j(w) = -w + 33. Let b be j(q). Let s = b + 57. Is s a prime number?
True
Let n(g) = -g**2 + 12*g. Let f be n(9). Suppose -3*m - f = -3*h + 6, 2*h - 3*m = 27. Suppose h = s - 143. Is s a composite number?
False
Let f = -14243 - 4151. Let u = -11633 - f. Is u composite?
False
Suppose -54*o + 38913148 = -48*o + 86*o. Is o composite?
False
Let j be (-191660928)/(-3360) + (-4)/(-70). Let q = -14801 + j. Is q prime?
False
Suppose 0 = -4*y - 2*j + 28, 0 = -j + 6*j - 10. Suppose 0 = -y*d + 5*d + 2807. Is d prime?
False
Is 2/2 - (72/(-2))/((-35)/(-836115)) prime?
False
Let j(r) = -r**3 + 25*r**2 + 63*r + 32. Let i be j(27). Let m = i - 182. Is m a composite number?
True
Let m = -87 - -95. Let l(n) = 60*n + 38. Let h be l(m). Let z = h - -695. Is z composite?
False
Is -18 - (-14)/(84/2475402) compos